{"id":845,"date":"2025-01-08T15:57:20","date_gmt":"2025-01-08T18:57:20","guid":{"rendered":"https:\/\/abmfuncionalintegrativa.com.br\/congresso\/?page_id=845"},"modified":"2025-11-10T22:17:32","modified_gmt":"2025-11-11T01:17:32","slug":"pre-congresso","status":"publish","type":"page","link":"https:\/\/abmfuncionalintegrativa.com.br\/congresso\/?page_id=845","title":{"rendered":"Pr\u00e9 Congresso"},"content":{"rendered":"\t\t<div data-elementor-type=\"wp-page\" data-elementor-id=\"845\" class=\"elementor elementor-845\" data-elementor-post-type=\"page\">\n\t\t\t\t<div class=\"elementor-element elementor-element-d6e06d8 e-flex e-con-boxed e-con e-parent\" data-id=\"d6e06d8\" data-element_type=\"container\" data-settings=\"{&quot;background_background&quot;:&quot;classic&quot;}\">\n\t\t\t\t\t<div class=\"e-con-inner\">\n\t\t\t\t<div class=\"elementor-element elementor-element-6443480 elementor-widget elementor-widget-image\" data-id=\"6443480\" data-element_type=\"widget\" data-widget_type=\"image.default\">\n\t\t\t\t<div class=\"elementor-widget-container\">\n\t\t\t\t\t\t\t\t\t\t\t\t\t<img fetchpriority=\"high\" decoding=\"async\" width=\"800\" height=\"197\" src=\"https:\/\/abmfuncionalintegrativa.com.br\/congresso\/wp-content\/uploads\/2025\/11\/v2.png\" class=\"attachment-large size-large wp-image-1032\" alt=\"\" srcset=\"https:\/\/abmfuncionalintegrativa.com.br\/congresso\/wp-content\/uploads\/2025\/11\/v2.png 912w, https:\/\/abmfuncionalintegrativa.com.br\/congresso\/wp-content\/uploads\/2025\/11\/v2-300x74.png 300w, https:\/\/abmfuncionalintegrativa.com.br\/congresso\/wp-content\/uploads\/2025\/11\/v2-768x189.png 768w\" sizes=\"(max-width: 800px) 100vw, 800px\" \/>\t\t\t\t\t\t\t\t\t\t\t\t\t<\/div>\n\t\t\t\t<\/div>\n\t\t\t\t<div class=\"elementor-element elementor-element-d5afecc elementor-widget elementor-widget-spacer\" data-id=\"d5afecc\" data-element_type=\"widget\" data-widget_type=\"spacer.default\">\n\t\t\t\t<div class=\"elementor-widget-container\">\n\t\t\t\t\t<div class=\"elementor-spacer\">\n\t\t\t<div class=\"elementor-spacer-inner\"><\/div>\n\t\t<\/div>\n\t\t\t\t<\/div>\n\t\t\t\t<\/div>\n\t\t\t\t<div class=\"elementor-element elementor-element-add68e3 elementor-widget elementor-widget-heading\" data-id=\"add68e3\" data-element_type=\"widget\" data-widget_type=\"heading.default\">\n\t\t\t\t<div class=\"elementor-widget-container\">\n\t\t\t<h2 class=\"elementor-heading-title elementor-size-default\">PR\u00c9-CONGRESSO<\/h2>\t\t<\/div>\n\t\t\t\t<\/div>\n\t\t\t\t<div class=\"elementor-element elementor-element-3bcf546 elementor-widget elementor-widget-heading\" data-id=\"3bcf546\" data-element_type=\"widget\" data-widget_type=\"heading.default\">\n\t\t\t\t<div class=\"elementor-widget-container\">\n\t\t\t<h2 class=\"elementor-heading-title elementor-size-default\"><b>Quinta-Feira -<\/b> 29 de Outubro<\/h2>\t\t<\/div>\n\t\t\t\t<\/div>\n\t\t\t\t\t<\/div>\n\t\t\t\t<\/div>\n\t\t<div class=\"elementor-element elementor-element-b0a5836 e-flex e-con-boxed e-con e-parent\" data-id=\"b0a5836\" data-element_type=\"container\">\n\t\t\t\t\t<div class=\"e-con-inner\">\n\t\t\t\t<div class=\"elementor-element elementor-element-6f8fd16 elementor-widget-laptop__width-initial elementor-widget__width-initial elementor-widget elementor-widget-text-editor\" data-id=\"6f8fd16\" data-element_type=\"widget\" data-widget_type=\"text-editor.default\">\n\t\t\t\t<div class=\"elementor-widget-container\">\n\t\t\t\t\t\t\t<p>No dia 29 de Outubro, no WTC, ocorre o pr\u00e9 congresso, ser\u00e1 um dia inteiro de atividades, reunindo os mais renomados profissionais do Brasil para palestras, din\u00e2micas de grupo, network e grandes empresas dos segmento, para vivermos uma profunda imers\u00e3o na sa\u00fade funcional integrativa.<\/p><p>Este \u00e9 um evento fechado, exclusivo para alunos da Academia Brasileira de Medicina Funcional Integrativa.<\/p>\t\t\t\t\t\t<\/div>\n\t\t\t\t<\/div>\n\t\t\t\t\t<\/div>\n\t\t\t\t<\/div>\n\t\t\t\t<\/div>\n\t\t","protected":false},"excerpt":{"rendered":"<p>PR\u00c9-CONGRESSO Quinta-Feira &#8211; 29 de Outubro No dia 29 de Outubro, no WTC, ocorre o pr\u00e9 congresso, ser\u00e1 um dia inteiro de atividades, reunindo os mais renomados profissionais do Brasil para palestras, din\u00e2micas de grupo, network e grandes empresas dos segmento, para vivermos uma profunda imers\u00e3o na sa\u00fade funcional integrativa. Este \u00e9 um evento fechado, [&hellip;]<\/p>\n","protected":false},"author":1,"featured_media":0,"parent":0,"menu_order":0,"comment_status":"closed","ping_status":"closed","template":"elementor_header_footer","meta":{"footnotes":""},"class_list":["post-845","page","type-page","status-publish","hentry"],"_links":{"self":[{"href":"https:\/\/abmfuncionalintegrativa.com.br\/congresso\/index.php?rest_route=\/wp\/v2\/pages\/845","targetHints":{"allow":["GET"]}}],"collection":[{"href":"https:\/\/abmfuncionalintegrativa.com.br\/congresso\/index.php?rest_route=\/wp\/v2\/pages"}],"about":[{"href":"https:\/\/abmfuncionalintegrativa.com.br\/congresso\/index.php?rest_route=\/wp\/v2\/types\/page"}],"author":[{"embeddable":true,"href":"https:\/\/abmfuncionalintegrativa.com.br\/congresso\/index.php?rest_route=\/wp\/v2\/users\/1"}],"replies":[{"embeddable":true,"href":"https:\/\/abmfuncionalintegrativa.com.br\/congresso\/index.php?rest_route=%2Fwp%2Fv2%2Fcomments&post=845"}],"version-history":[{"count":0,"href":"https:\/\/abmfuncionalintegrativa.com.br\/congresso\/index.php?rest_route=\/wp\/v2\/pages\/845\/revisions"}],"wp:attachment":[{"href":"https:\/\/abmfuncionalintegrativa.com.br\/congresso\/index.php?rest_route=%2Fwp%2Fv2%2Fmedia&parent=845"}],"curies":[{"name":"wp","href":"https:\/\/api.w.org\/{rel}","templated":true}]}}

Pré Congresso

<div data-elementor-type="wp-page" data-elementor-id="845" class="elementor elementor-845" data-elementor-post-type="page">
				<div class="elementor-element elementor-element-d6e06d8 e-flex e-con-boxed e-con e-parent" data-id="d6e06d8" data-element_type="container" data-settings="{&quot;background_background&quot;:&quot;classic&quot;}">
					<div class="e-con-inner">
				<div class="elementor-element elementor-element-6443480 elementor-widget elementor-widget-image" data-id="6443480" data-element_type="widget" data-widget_type="image.default">
				<div class="elementor-widget-container">
													<img fetchpriority="high" decoding="async" width="800" height="197" src="https://abmfuncionalintegrativa.com.br/congresso/wp-content/uploads/2025/11/v2.png" class="attachment-large size-large wp-image-1032" alt="" srcset="https://abmfuncionalintegrativa.com.br/congresso/wp-content/uploads/2025/11/v2.png 912w, https://abmfuncionalintegrativa.com.br/congresso/wp-content/uploads/2025/11/v2-300x74.png 300w, https://abmfuncionalintegrativa.com.br/congresso/wp-content/uploads/2025/11/v2-768x189.png 768w" sizes="(max-width: 800px) 100vw, 800px" />													</div>
				</div>
				<div class="elementor-element elementor-element-d5afecc elementor-widget elementor-widget-spacer" data-id="d5afecc" data-element_type="widget" data-widget_type="spacer.default">
				<div class="elementor-widget-container">
					<div class="elementor-spacer">
			<div class="elementor-spacer-inner"></div>
		</div>
				</div>
				</div>
				<div class="elementor-element elementor-element-add68e3 elementor-widget elementor-widget-heading" data-id="add68e3" data-element_type="widget" data-widget_type="heading.default">
				<div class="elementor-widget-container">
			<h2 class="elementor-heading-title elementor-size-default">PRÉ-CONGRESSO</h2>		</div>
				</div>
				<div class="elementor-element elementor-element-3bcf546 elementor-widget elementor-widget-heading" data-id="3bcf546" data-element_type="widget" data-widget_type="heading.default">
				<div class="elementor-widget-container">
			<h2 class="elementor-heading-title elementor-size-default"><b>Quinta-Feira -</b> 29 de Outubro</h2>		</div>
				</div>
					</div>
				</div>
		<div class="elementor-element elementor-element-b0a5836 e-flex e-con-boxed e-con e-parent" data-id="b0a5836" data-element_type="container">
					<div class="e-con-inner">
				<div class="elementor-element elementor-element-6f8fd16 elementor-widget-laptop__width-initial elementor-widget__width-initial elementor-widget elementor-widget-text-editor" data-id="6f8fd16" data-element_type="widget" data-widget_type="text-editor.default">
				<div class="elementor-widget-container">
							<p>No dia 29 de Outubro, no WTC, ocorre o pré congresso, será um dia inteiro de atividades, reunindo os mais renomados profissionais do Brasil para palestras, dinâmicas de grupo, network e grandes empresas dos segmento, para vivermos uma profunda imersão na saúde funcional integrativa.</p><p>Este é um evento fechado, exclusivo para alunos da Academia Brasileira de Medicina Funcional Integrativa.</p>						</div>
				</div>
					</div>
				</div>
				</div>

<p>PRÉ-CONGRESSO Quinta-Feira &#8211; 29 de Outubro No dia 29 de Outubro, no WTC, ocorre o pré congresso, será um dia inteiro de atividades, reunindo os mais renomados profissionais do Brasil para palestras, dinâmicas de grupo, network e grandes empresas dos segmento, para vivermos uma profunda imersão na saúde funcional integrativa. Este é um evento fechado, [&hellip;]</p>
