{"id":69,"date":"2023-11-15T17:11:12","date_gmt":"2023-11-15T20:11:12","guid":{"rendered":"https:\/\/abmfuncionalintegrativa.com.br\/congresso\/?page_id=69"},"modified":"2025-11-11T15:36:16","modified_gmt":"2025-11-11T18:36:16","slug":"programacao","status":"publish","type":"page","link":"https:\/\/abmfuncionalintegrativa.com.br\/congresso\/?page_id=69","title":{"rendered":"Programa\u00e7\u00e3o"},"content":{"rendered":"\t\t<div data-elementor-type=\"wp-page\" data-elementor-id=\"69\" class=\"elementor elementor-69\" data-elementor-post-type=\"page\">\n\t\t\t\t<div class=\"elementor-element elementor-element-d6e06d8 e-flex e-con-boxed e-con e-parent\" data-id=\"d6e06d8\" data-element_type=\"container\" data-settings=\"{&quot;background_background&quot;:&quot;classic&quot;}\">\n\t\t\t\t\t<div class=\"e-con-inner\">\n\t\t\t\t<div class=\"elementor-element elementor-element-6443480 elementor-widget elementor-widget-image\" data-id=\"6443480\" data-element_type=\"widget\" data-widget_type=\"image.default\">\n\t\t\t\t<div class=\"elementor-widget-container\">\n\t\t\t\t\t\t\t\t\t\t\t\t\t<img fetchpriority=\"high\" decoding=\"async\" width=\"800\" height=\"197\" src=\"https:\/\/abmfuncionalintegrativa.com.br\/congresso\/wp-content\/uploads\/2025\/11\/v2.png\" class=\"attachment-large size-large wp-image-1032\" alt=\"\" srcset=\"https:\/\/abmfuncionalintegrativa.com.br\/congresso\/wp-content\/uploads\/2025\/11\/v2.png 912w, https:\/\/abmfuncionalintegrativa.com.br\/congresso\/wp-content\/uploads\/2025\/11\/v2-300x74.png 300w, https:\/\/abmfuncionalintegrativa.com.br\/congresso\/wp-content\/uploads\/2025\/11\/v2-768x189.png 768w\" sizes=\"(max-width: 800px) 100vw, 800px\" \/>\t\t\t\t\t\t\t\t\t\t\t\t\t<\/div>\n\t\t\t\t<\/div>\n\t\t\t\t<div class=\"elementor-element elementor-element-d5afecc elementor-widget elementor-widget-spacer\" data-id=\"d5afecc\" data-element_type=\"widget\" data-widget_type=\"spacer.default\">\n\t\t\t\t<div class=\"elementor-widget-container\">\n\t\t\t\t\t<div class=\"elementor-spacer\">\n\t\t\t<div class=\"elementor-spacer-inner\"><\/div>\n\t\t<\/div>\n\t\t\t\t<\/div>\n\t\t\t\t<\/div>\n\t\t\t\t<div class=\"elementor-element elementor-element-add68e3 elementor-widget elementor-widget-heading\" data-id=\"add68e3\" data-element_type=\"widget\" data-widget_type=\"heading.default\">\n\t\t\t\t<div class=\"elementor-widget-container\">\n\t\t\t<h2 class=\"elementor-heading-title elementor-size-default\">PROGRAMA\u00c7\u00c3O<\/h2>\t\t<\/div>\n\t\t\t\t<\/div>\n\t\t\t\t<div class=\"elementor-element elementor-element-5554185 elementor-widget elementor-widget-text-editor\" data-id=\"5554185\" data-element_type=\"widget\" data-widget_type=\"text-editor.default\">\n\t\t\t\t<div class=\"elementor-widget-container\">\n\t\t\t\t\t\t\t<p><strong>SEXTA-FEIRA:<\/strong> 30\/10: 8H \u00c0S 20H<\/p><p><strong>S\u00c1BADO:<\/strong> 31\/10: 8H \u00c0S 20H<\/p><p><strong>DOMINGO:<\/strong> 01\/11: 8H \u00c0S 14H<\/p>\t\t\t\t\t\t<\/div>\n\t\t\t\t<\/div>\n\t\t\t\t\t<\/div>\n\t\t\t\t<\/div>\n\t\t<div class=\"elementor-element elementor-element-e1470fb elementor-hidden-widescreen elementor-hidden-desktop elementor-hidden-laptop elementor-hidden-tablet elementor-hidden-mobile e-flex e-con-boxed e-con e-parent\" data-id=\"e1470fb\" data-element_type=\"container\">\n\t\t\t\t\t<div class=\"e-con-inner\">\n\t\t<div class=\"elementor-element elementor-element-870193e e-flex e-con-boxed e-con e-child\" data-id=\"870193e\" data-element_type=\"container\">\n\t\t\t\t\t<div class=\"e-con-inner\">\n\t\t<div class=\"elementor-element elementor-element-6bbf8d4 e-flex e-con-boxed e-con e-child\" data-id=\"6bbf8d4\" data-element_type=\"container\">\n\t\t\t\t\t<div class=\"e-con-inner\">\n\t\t\t\t<div class=\"elementor-element elementor-element-95dd86d elementor-widget elementor-widget-etn-schedule\" data-id=\"95dd86d\" data-element_type=\"widget\" data-widget_type=\"etn-schedule.default\">\n\t\t\t\t<div class=\"elementor-widget-container\">\n\t\t\t        <p class=\"etn-not-found-post\">No Post Found<\/p>\n    \t\t<\/div>\n\t\t\t\t<\/div>\n\t\t\t\t\t<\/div>\n\t\t\t\t<\/div>\n\t\t<div class=\"elementor-element elementor-element-f6ae597 e-flex e-con-boxed e-con e-child\" data-id=\"f6ae597\" data-element_type=\"container\">\n\t\t\t\t\t<div class=\"e-con-inner\">\n\t\t\t\t<div class=\"elementor-element elementor-element-7dd3306 elementor-widget elementor-widget-etn-schedule\" data-id=\"7dd3306\" data-element_type=\"widget\" data-widget_type=\"etn-schedule.default\">\n\t\t\t\t<div class=\"elementor-widget-container\">\n\t\t\t        <p class=\"etn-not-found-post\">No Post Found<\/p>\n    \t\t<\/div>\n\t\t\t\t<\/div>\n\t\t\t\t\t<\/div>\n\t\t\t\t<\/div>\n\t\t<div class=\"elementor-element elementor-element-188bc24 e-flex e-con-boxed e-con e-child\" data-id=\"188bc24\" data-element_type=\"container\">\n\t\t\t\t\t<div class=\"e-con-inner\">\n\t\t\t\t<div class=\"elementor-element elementor-element-471d903 elementor-widget elementor-widget-etn-schedule\" data-id=\"471d903\" data-element_type=\"widget\" data-widget_type=\"etn-schedule.default\">\n\t\t\t\t<div class=\"elementor-widget-container\">\n\t\t\t        <p class=\"etn-not-found-post\">No Post Found<\/p>\n    \t\t<\/div>\n\t\t\t\t<\/div>\n\t\t\t\t\t<\/div>\n\t\t\t\t<\/div>\n\t\t\t\t\t<\/div>\n\t\t\t\t<\/div>\n\t\t\t\t<div class=\"elementor-element elementor-element-eb14a89 elementor-widget elementor-widget-spacer\" data-id=\"eb14a89\" data-element_type=\"widget\" data-widget_type=\"spacer.default\">\n\t\t\t\t<div class=\"elementor-widget-container\">\n\t\t\t\t\t<div class=\"elementor-spacer\">\n\t\t\t<div class=\"elementor-spacer-inner\"><\/div>\n\t\t<\/div>\n\t\t\t\t<\/div>\n\t\t\t\t<\/div>\n\t\t\t\t\t<\/div>\n\t\t\t\t<\/div>\n\t\t<div class=\"elementor-element elementor-element-8bb7f41 e-flex e-con-boxed e-con e-parent\" data-id=\"8bb7f41\" data-element_type=\"container\">\n\t\t\t\t\t<div class=\"e-con-inner\">\n\t\t<div class=\"elementor-element elementor-element-c3ca108 e-con-full e-flex e-con e-child\" data-id=\"c3ca108\" data-element_type=\"container\">\n\t\t\t\t<div class=\"elementor-element elementor-element-1ac59f9 elementor-widget elementor-widget-text-editor\" data-id=\"1ac59f9\" data-element_type=\"widget\" data-widget_type=\"text-editor.default\">\n\t\t\t\t<div class=\"elementor-widget-container\">\n\t\t\t\t\t\t\t<p>Congresso Brasileiro de Medicina Funcional Integrativa<\/p><p>Um conceito muito importante, que foi criado pelo Congresso Brasileiro de Medicina Funcional Integrativa e que j\u00e1 virou uma marca desse movimento de enxergar a sa\u00fade de forma funcional e integrada, \u00e9 que n\u00e3o s\u00e3o divulgados os temas espec\u00edficos das palestras.<\/p><p>Os temas espec\u00edficos, bem como a ordem das palestras, s\u00e3o divulgados somente ap\u00f3s os ingressos esgotarem.<\/p><p>Essa decis\u00e3o refor\u00e7a a ideia de que o mais importante \u00e9 participar, independentemente dos t\u00f3picos espec\u00edficos das palestras, onde o foco principal do congresso \u00e9 promover a integra\u00e7\u00e3o entre as diversas \u00e1reas da sa\u00fade e a funcionalidade dos conhecimentos espec\u00edficos na preven\u00e7\u00e3o e tratamento das doen\u00e7as.<\/p><p>Al\u00e9m disso, permite que os participantes estejam com a mente aberta para aprender, compartilhar e absorver informa\u00e7\u00f5es valiosas, que de alguma forma ser\u00e3o aplicadas em suas pr\u00e1ticas cl\u00ednicas. Na abordagem Funcional Integrativa, prioriza-se uma vis\u00e3o personalizada do paciente, abordando n\u00e3o apenas os sintomas, mas sim as causas das doen\u00e7as.<\/p><p>Neste congresso, o aprendizado vai muito al\u00e9m do conte\u00fado espec\u00edfico; \u00e9 uma chance de compreender diferentes perspectivas, explorar novas abordagens e agregar novas terapias \u00e0 rotina cl\u00ednica. Mesmo quando os temas das palestras n\u00e3o parecem, \u00e0 primeira vista, diretamente conectados \u00e0 sua pr\u00e1tica individual, eles revelar\u00e3o conex\u00f5es valiosas e insights inesperados que enriquecem o conhecimento e aprimoram os seus resultados com os pacientes.<\/p><p>Esse evento \u00e9 uma oportunidade para conhecer e interagir pessoalmente com os mais renomados especialistas, trocar experi\u00eancias com colegas e criar colabora\u00e7\u00f5es que se estendem para al\u00e9m do congresso.<\/p><p>Participar desse congresso demonstra para os pacientes o seu compromisso com o desenvolvimento profissional cont\u00ednuo, a busca incessante por melhores resultados, o compromisso com a excel\u00eancia no cuidado e a sua evolu\u00e7\u00e3o profissional para um modelo de sa\u00fade mais eficiente, completo e definitivo.<\/p><p>O futuro \u00e9 funcional\u00a0integrativo!<\/p>\t\t\t\t\t\t<\/div>\n\t\t\t\t<\/div>\n\t\t\t\t<\/div>\n\t\t<div class=\"elementor-element elementor-element-a146dfd e-con-full e-flex e-con e-child\" data-id=\"a146dfd\" data-element_type=\"container\">\n\t\t\t\t<div class=\"elementor-element elementor-element-509ac84 elementor-widget elementor-widget-video\" data-id=\"509ac84\" data-element_type=\"widget\" data-settings=\"{&quot;video_type&quot;:&quot;hosted&quot;,&quot;controls&quot;:&quot;yes&quot;}\" data-widget_type=\"video.default\">\n\t\t\t\t<div class=\"elementor-widget-container\">\n\t\t\t\t\t<div class=\"e-hosted-video elementor-wrapper elementor-open-inline\">\n\t\t\t\t\t<video class=\"elementor-video\" src=\"http:\/\/abmfuncionalintegrativa.com.br\/congresso\/wp-content\/uploads\/2025\/08\/WhatsApp-Video-2025-08-19-at-08.39.42.mp4\" controls=\"\" preload=\"metadata\" controlsList=\"nodownload\"><\/video>\n\t\t\t\t<\/div>\n\t\t\t\t<\/div>\n\t\t\t\t<\/div>\n\t\t\t\t<\/div>\n\t\t\t\t\t<\/div>\n\t\t\t\t<\/div>\n\t\t\t\t<\/div>\n\t\t","protected":false},"excerpt":{"rendered":"<p>PROGRAMA\u00c7\u00c3O SEXTA-FEIRA: 30\/10: 8H \u00c0S 20H S\u00c1BADO: 31\/10: 8H \u00c0S 20H DOMINGO: 01\/11: 8H \u00c0S 14H No Post Found No Post Found No Post Found Congresso Brasileiro de Medicina Funcional Integrativa Um conceito muito importante, que foi criado pelo Congresso Brasileiro de Medicina Funcional Integrativa e que j\u00e1 virou uma marca desse movimento de enxergar [&hellip;]<\/p>\n","protected":false},"author":1,"featured_media":0,"parent":0,"menu_order":0,"comment_status":"closed","ping_status":"closed","template":"elementor_header_footer","meta":{"footnotes":""},"class_list":["post-69","page","type-page","status-publish","hentry"],"_links":{"self":[{"href":"https:\/\/abmfuncionalintegrativa.com.br\/congresso\/index.php?rest_route=\/wp\/v2\/pages\/69","targetHints":{"allow":["GET"]}}],"collection":[{"href":"https:\/\/abmfuncionalintegrativa.com.br\/congresso\/index.php?rest_route=\/wp\/v2\/pages"}],"about":[{"href":"https:\/\/abmfuncionalintegrativa.com.br\/congresso\/index.php?rest_route=\/wp\/v2\/types\/page"}],"author":[{"embeddable":true,"href":"https:\/\/abmfuncionalintegrativa.com.br\/congresso\/index.php?rest_route=\/wp\/v2\/users\/1"}],"replies":[{"embeddable":true,"href":"https:\/\/abmfuncionalintegrativa.com.br\/congresso\/index.php?rest_route=%2Fwp%2Fv2%2Fcomments&post=69"}],"version-history":[{"count":3,"href":"https:\/\/abmfuncionalintegrativa.com.br\/congresso\/index.php?rest_route=\/wp\/v2\/pages\/69\/revisions"}],"predecessor-version":[{"id":1684,"href":"https:\/\/abmfuncionalintegrativa.com.br\/congresso\/index.php?rest_route=\/wp\/v2\/pages\/69\/revisions\/1684"}],"wp:attachment":[{"href":"https:\/\/abmfuncionalintegrativa.com.br\/congresso\/index.php?rest_route=%2Fwp%2Fv2%2Fmedia&parent=69"}],"curies":[{"name":"wp","href":"https:\/\/api.w.org\/{rel}","templated":true}]}}

Programação

<div data-elementor-type="wp-page" data-elementor-id="69" class="elementor elementor-69" data-elementor-post-type="page">
				<div class="elementor-element elementor-element-d6e06d8 e-flex e-con-boxed e-con e-parent" data-id="d6e06d8" data-element_type="container" data-settings="{&quot;background_background&quot;:&quot;classic&quot;}">
					<div class="e-con-inner">
				<div class="elementor-element elementor-element-6443480 elementor-widget elementor-widget-image" data-id="6443480" data-element_type="widget" data-widget_type="image.default">
				<div class="elementor-widget-container">
													<img fetchpriority="high" decoding="async" width="800" height="197" src="https://abmfuncionalintegrativa.com.br/congresso/wp-content/uploads/2025/11/v2.png" class="attachment-large size-large wp-image-1032" alt="" srcset="https://abmfuncionalintegrativa.com.br/congresso/wp-content/uploads/2025/11/v2.png 912w, https://abmfuncionalintegrativa.com.br/congresso/wp-content/uploads/2025/11/v2-300x74.png 300w, https://abmfuncionalintegrativa.com.br/congresso/wp-content/uploads/2025/11/v2-768x189.png 768w" sizes="(max-width: 800px) 100vw, 800px" />													</div>
				</div>
				<div class="elementor-element elementor-element-d5afecc elementor-widget elementor-widget-spacer" data-id="d5afecc" data-element_type="widget" data-widget_type="spacer.default">
				<div class="elementor-widget-container">
					<div class="elementor-spacer">
			<div class="elementor-spacer-inner"></div>
		</div>
				</div>
				</div>
				<div class="elementor-element elementor-element-add68e3 elementor-widget elementor-widget-heading" data-id="add68e3" data-element_type="widget" data-widget_type="heading.default">
				<div class="elementor-widget-container">
			<h2 class="elementor-heading-title elementor-size-default">PROGRAMAÇÃO</h2>		</div>
				</div>
				<div class="elementor-element elementor-element-5554185 elementor-widget elementor-widget-text-editor" data-id="5554185" data-element_type="widget" data-widget_type="text-editor.default">
				<div class="elementor-widget-container">
							<p><strong>SEXTA-FEIRA:</strong> 30/10: 8H ÀS 20H</p><p><strong>SÁBADO:</strong> 31/10: 8H ÀS 20H</p><p><strong>DOMINGO:</strong> 01/11: 8H ÀS 14H</p>						</div>
				</div>
					</div>
				</div>
		<div class="elementor-element elementor-element-e1470fb elementor-hidden-widescreen elementor-hidden-desktop elementor-hidden-laptop elementor-hidden-tablet elementor-hidden-mobile e-flex e-con-boxed e-con e-parent" data-id="e1470fb" data-element_type="container">
					<div class="e-con-inner">
		<div class="elementor-element elementor-element-870193e e-flex e-con-boxed e-con e-child" data-id="870193e" data-element_type="container">
					<div class="e-con-inner">
		<div class="elementor-element elementor-element-6bbf8d4 e-flex e-con-boxed e-con e-child" data-id="6bbf8d4" data-element_type="container">
					<div class="e-con-inner">
				<div class="elementor-element elementor-element-95dd86d elementor-widget elementor-widget-etn-schedule" data-id="95dd86d" data-element_type="widget" data-widget_type="etn-schedule.default">
				<div class="elementor-widget-container">
			        <p class="etn-not-found-post">No Post Found</p>
    		</div>
				</div>
					</div>
				</div>
		<div class="elementor-element elementor-element-f6ae597 e-flex e-con-boxed e-con e-child" data-id="f6ae597" data-element_type="container">
					<div class="e-con-inner">
				<div class="elementor-element elementor-element-7dd3306 elementor-widget elementor-widget-etn-schedule" data-id="7dd3306" data-element_type="widget" data-widget_type="etn-schedule.default">
				<div class="elementor-widget-container">
			        <p class="etn-not-found-post">No Post Found</p>
    		</div>
				</div>
					</div>
				</div>
		<div class="elementor-element elementor-element-188bc24 e-flex e-con-boxed e-con e-child" data-id="188bc24" data-element_type="container">
					<div class="e-con-inner">
				<div class="elementor-element elementor-element-471d903 elementor-widget elementor-widget-etn-schedule" data-id="471d903" data-element_type="widget" data-widget_type="etn-schedule.default">
				<div class="elementor-widget-container">
			        <p class="etn-not-found-post">No Post Found</p>
    		</div>
				</div>
					</div>
				</div>
					</div>
				</div>
				<div class="elementor-element elementor-element-eb14a89 elementor-widget elementor-widget-spacer" data-id="eb14a89" data-element_type="widget" data-widget_type="spacer.default">
				<div class="elementor-widget-container">
					<div class="elementor-spacer">
			<div class="elementor-spacer-inner"></div>
		</div>
				</div>
				</div>
					</div>
				</div>
		<div class="elementor-element elementor-element-8bb7f41 e-flex e-con-boxed e-con e-parent" data-id="8bb7f41" data-element_type="container">
					<div class="e-con-inner">
		<div class="elementor-element elementor-element-c3ca108 e-con-full e-flex e-con e-child" data-id="c3ca108" data-element_type="container">
				<div class="elementor-element elementor-element-1ac59f9 elementor-widget elementor-widget-text-editor" data-id="1ac59f9" data-element_type="widget" data-widget_type="text-editor.default">
				<div class="elementor-widget-container">
							<p>Congresso Brasileiro de Medicina Funcional Integrativa</p><p>Um conceito muito importante, que foi criado pelo Congresso Brasileiro de Medicina Funcional Integrativa e que já virou uma marca desse movimento de enxergar a saúde de forma funcional e integrada, é que não são divulgados os temas específicos das palestras.</p><p>Os temas específicos, bem como a ordem das palestras, são divulgados somente após os ingressos esgotarem.</p><p>Essa decisão reforça a ideia de que o mais importante é participar, independentemente dos tópicos específicos das palestras, onde o foco principal do congresso é promover a integração entre as diversas áreas da saúde e a funcionalidade dos conhecimentos específicos na prevenção e tratamento das doenças.</p><p>Além disso, permite que os participantes estejam com a mente aberta para aprender, compartilhar e absorver informações valiosas, que de alguma forma serão aplicadas em suas práticas clínicas. Na abordagem Funcional Integrativa, prioriza-se uma visão personalizada do paciente, abordando não apenas os sintomas, mas sim as causas das doenças.</p><p>Neste congresso, o aprendizado vai muito além do conteúdo específico; é uma chance de compreender diferentes perspectivas, explorar novas abordagens e agregar novas terapias à rotina clínica. Mesmo quando os temas das palestras não parecem, à primeira vista, diretamente conectados à sua prática individual, eles revelarão conexões valiosas e insights inesperados que enriquecem o conhecimento e aprimoram os seus resultados com os pacientes.</p><p>Esse evento é uma oportunidade para conhecer e interagir pessoalmente com os mais renomados especialistas, trocar experiências com colegas e criar colaborações que se estendem para além do congresso.</p><p>Participar desse congresso demonstra para os pacientes o seu compromisso com o desenvolvimento profissional contínuo, a busca incessante por melhores resultados, o compromisso com a excelência no cuidado e a sua evolução profissional para um modelo de saúde mais eficiente, completo e definitivo.</p><p>O futuro é funcional integrativo!</p>						</div>
				</div>
				</div>
		<div class="elementor-element elementor-element-a146dfd e-con-full e-flex e-con e-child" data-id="a146dfd" data-element_type="container">
				<div class="elementor-element elementor-element-509ac84 elementor-widget elementor-widget-video" data-id="509ac84" data-element_type="widget" data-settings="{&quot;video_type&quot;:&quot;hosted&quot;,&quot;controls&quot;:&quot;yes&quot;}" data-widget_type="video.default">
				<div class="elementor-widget-container">
					<div class="e-hosted-video elementor-wrapper elementor-open-inline">
					<video class="elementor-video" src="http://abmfuncionalintegrativa.com.br/congresso/wp-content/uploads/2025/08/WhatsApp-Video-2025-08-19-at-08.39.42.mp4" controls="" preload="metadata" controlsList="nodownload"></video>
				</div>
				</div>
				</div>
				</div>
					</div>
				</div>
				</div>

<p>PROGRAMAÇÃO SEXTA-FEIRA: 30/10: 8H ÀS 20H SÁBADO: 31/10: 8H ÀS 20H DOMINGO: 01/11: 8H ÀS 14H No Post Found No Post Found No Post Found Congresso Brasileiro de Medicina Funcional Integrativa Um conceito muito importante, que foi criado pelo Congresso Brasileiro de Medicina Funcional Integrativa e que já virou uma marca desse movimento de enxergar [&hellip;]</p>
